et j(v) = -9*v - 17. What is the units digit of j(x)?
5
Let q(u) = -24*u - 5. What is the units digit of q(-2)?
3
Let j(c) = -c**2 + 6*c - 6. Let y be j(4). Suppose y*p + 0 = 46. What is the units digit of p?
3
Suppose 4*l = -2*p + 7 + 1, 3*l = 3*p - 48. Suppose 5 = 2*g - n - p, -g = 3*n - 12. What is the units digit of g?
9
Let t(y) be the second derivative of y**3/3 - 3*y**2 + 2*y. What is the units digit of t(9)?
2
Suppose n - 23 - 17 = 0. Let z = 33 + -60. Let l = z + n. What is the units digit of l?
3
What is the units digit of ((-520)/60)/(2/(-36))?
6
Let p be 18*(-2)/(1 - 5). Let b be (15/(-6))/((-2)/(-4)). Let l = b + p. What is the units digit of l?
4
Suppose -i + 2*g = 4, -5*i + 3*g + 12 = g. Suppose -3*k = -i*y - 8*k, -k = -3*y. Let o(b) = -b + 1. What is the units digit of o(y)?
1
Let g(x) = x**3 + 2*x + 1. Let w be g(-1). Let q(f) = -f**2 + f. Let c be q(w). What is the tens digit of ((-11)/(-3))/((-2)/c)?
1
Suppose -g + 45 = 5*v - 63, g = 4*v + 90. What is the units digit of g?
8
Let k = 3 + -1. Let i be 15/9 - k/(-6). Suppose -42 = -4*g - l - 13, -i*g + l = -7. What is the units digit of g?
6
What is the tens digit of 174/11 - (-12)/66?
1
Suppose -2 - 100 = -2*g. Suppose 0*i - p - 48 = 5*i, 5*i + 3*p + 54 = 0. What is the tens digit of ((-3)/i)/(1/g)?
1
Let b = 159 + -135. What is the tens digit of b?
2
Suppose 5*f = -8 + 23, 5*m = 5*f - 35. What is the tens digit of (10/m)/5*-38?
1
Let k(i) = -5*i**3 + i**2 + 5*i. Let v(j) = -j**3 + j. Let b(s) = -2*s + 3. Let h be b(6). Let m(z) = h*v(z) + 2*k(z). What is the units digit of m(2)?
2
Suppose -318 = j - 3*j. What is the tens digit of j?
5
Suppose 0 = 2*g + g - 12. Let w = -2 + g. Suppose 2*j - w = -0. What is the units digit of j?
1
Let d(y) = 8 - y**2 - 2 + y + 6*y + 0*y**2. Suppose 10 - 4 = a. What is the tens digit of d(a)?
1
Let g be (-1)/(-4) - 55/(-4). Suppose -o + u + 0 = -6, 5*o + 3*u = g. What is the units digit of o?
4
Let m = 79 + -52. Suppose m = 5*a - 2*a. Suppose -a + 4 = -5*o. What is the units digit of o?
1
Let n(f) be the second derivative of -f**5/20 - f**4/3 + f**3/3 + f**2 + 6*f. What is the tens digit of n(-5)?
1
Let l = -2 + 3. Let k = 4 - l. What is the units digit of k?
3
Let a(v) = -15*v + 9. Let f be a(-5). Suppose 4*m + 4 = f. What is the units digit of m?
0
Let c(q) = 2*q - 4. Let s(o) = -o**2 - 6*o + 2. Let u be s(-5). Suppose -3*n + 3*i = 7*i - u, 0 = 5*n - 3*i - 31. What is the units digit of c(n)?
6
Let m be (26 + 0)*(-3 - -2). Let y = 38 + m. What is the units digit of y?
2
What is the units digit of 4/4 + (-156)/(-4)?
0
Suppose 0 = -0*r - r - 21. Let u(z) = z**2 - 7*z - 7. Let c be u(6). Let a = c - r. What is the units digit of a?
8
Suppose 4*p = -5*h + 55, 0 = 5*p + 3*h - 73 + 1. What is the tens digit of p?
1
Let z(m) = 24*m. What is the units digit of z(1)?
4
Let q(s) = -5*s**3 - 5*s**2 + 5*s + 1. Let j(v) = -9*v**3 - 10*v**2 + 10*v + 3. Let u(p) = 4*j(p) - 7*q(p). What is the tens digit of u(-6)?
1
Let c(h) = -6*h + 4*h - 2*h + h**2 + 6. Let i be c(4). What is the units digit of (11 + -1)/(i + -5)?
0
Let r(p) = 7 + 4*p - 6*p - 3. What is the units digit of r(-7)?
8
Suppose 2*a - 207 = 3*m - 15, -a = 5*m - 109. What is the tens digit of a?
9
Let q = -28 + 50. Let s be (-4)/(-22) - (-392)/q. Suppose 3*a = a + s. What is the units digit of a?
9
Let z(a) be the second derivative of a**3/3 - 6*a**2 - 3*a. What is the units digit of z(8)?
4
Let f(g) = g**2 - g - 2. Let z be f(3). Suppose -26 = -4*l - 2*p, -z*p = -4*l - p + 1. What is the units digit of l?
4
Let o = 35 - 21. What is the tens digit of o?
1
Let g = 0 + 2. What is the units digit of (-4)/(-1)*g/4?
2
Suppose 3*h - 357 = 3*r, 5*h + 0*r + 2*r - 623 = 0. What is the units digit of h?
3
Let k(u) = 19*u - 10. What is the units digit of k(4)?
6
Suppose 180 = 5*u + 2*m - 7*m, -3*u + 5*m + 110 = 0. What is the units digit of u?
5
Let f be 1/(-4) - (-19)/(-4). Let d = f + 1. What is the units digit of (27/(-12))/(1/d)?
9
Suppose -3*s - 29 = -44. What is the units digit of s?
5
Let l(j) = j**2 - 2*j. Let f = -1 + -2. What is the units digit of l(f)?
5
Let k(n) = 3*n**2 + 6*n + 5. What is the tens digit of k(-4)?
2
Suppose j + 2*j = -48. Let q = j + 17. What is the units digit of q?
1
What is the tens digit of (0 + 1 - 2)/(3/(-90))?
3
Suppose g + 5*l = 0, -4*g - l - 3*l + 16 = 0. Suppose g*d + t = -0*t + 165, 3*d - 2*t - 86 = 0. What is the units digit of d?
2
Let g = 10 + 18. Suppose 0 = 4*p - g - 4. What is the units digit of p?
8
Let v be (4 - 2)*(-447)/(-2). What is the tens digit of 2/(-8) - v/(-12)?
3
Suppose 2*y + 5*t = 2*t + 11, -y + 23 = 5*t. What is the units digit of (0 - y/(-1))*-11?
2
What is the units digit of 14/(-1)*84/(-49)?
4
Suppose -3*n + 21 = -3. Suppose -3*t - n + 29 = 0. What is the units digit of t?
7
What is the units digit of ((-3)/(-6))/(3/(4*132))?
8
Let w be (-28)/(-8) + 2/(-4). Let k be (5*1)/(w/3). Suppose 0 = k*j - 44 - 16. What is the tens digit of j?
1
What is the tens digit of 83 + (-4)/(-6)*-6?
7
Let m = -3 + -3. Let d = 9 + m. What is the units digit of d?
3
Let h(j) = 5*j - 1. Let u be h(1). Let p(z) = -z**2 + 5*z - 1. What is the units digit of p(u)?
3
Let o(y) = 5*y**2 - 3*y + 6. Let n(k) = 6*k**2 - 2*k + 6. Let m(p) = 3*n(p) - 4*o(p). Let w be m(4). Let u = -5 - w. What is the units digit of u?
9
Let m(d) = d**3 - 4*d**2 + d - 3. Let f be m(4). Suppose -47 - f = -2*k + 4*z, -156 = -5*k + z. What is the units digit of k?
2
Let p = -58 + 144. What is the tens digit of p?
8
Let y = -6 + 20. What is the tens digit of y?
1
Suppose -3*s - 96 = -4*g, 0 = -4*g - s - 3*s + 68. What is the units digit of g?
1
Let l be (3 + -3)*(-1)/1. Suppose 5*u + l = 25. What is the units digit of u?
5
Let y(a) = a**2 - 2*a - 2. What is the units digit of y(-1)?
1
Let o = -15 + 30. Let b = -13 + o. What is the units digit of b?
2
Let a be (-31)/(-5) - (-1)/(-5). Let m be 16/a - (-1)/3. Let x = m + 0. What is the units digit of x?
3
Let c be -3*((-3)/3)/(-1). Let h = -4 + c. Let f = h - -10. What is the units digit of f?
3
Let l = -12 - -78. What is the tens digit of l?
6
Suppose 2*g - 25 = -s + 18, -g - 3*s = -9. Suppose 2 = -3*r + 8. Suppose -d - 4*k + 42 = r*d, 0 = -3*d + 2*k + g. What is the tens digit of d?
1
Let k = 16 + -13. Let z = 15 - k. What is the tens digit of z?
1
Let i be (-5)/(-4)*(-7 + -1). What is the units digit of (i/(-3))/((-10)/(-15))?
5
Let u(f) = 52*f**2 - 4*f - 1. What is the tens digit of u(2)?
9
Let z be (9/27)/((-2)/(-18)). Suppose -z*p - p = -24. What is the units digit of p?
6
Let k = -14 - -40. Let d be ((-17)/(-2))/((-6)/12). Let y = d + k. What is the units digit of y?
9
Suppose -5*i + 2*l = 3*l, 3*i + 2*l = 0. Suppose -4*m + 3*m = i. What is the units digit of (2 + m - -2)*1?
4
Let f be (-4)/(-18) + 43/9. Let c = 11 - f. What is the units digit of c?
6
Let f(u) = -2*u**2 - 8*u - 3. Let w(r) = 6*r**2 + 24*r + 9. Let o(h) = -7*f(h) - 2*w(h). What is the tens digit of o(-6)?
2
Suppose -5*s + 25 = 5*m - 0*s, -s = -m + 5. Let b be (-5)/(15/(-42))*-1. What is the units digit of 2/10 - b/m?
3
Suppose 4*l - 16 - 8 = 0. Let v(z) = 0 - 1 + 7*z**2 - z**3 - 4*z - 3. What is the units digit of v(l)?
8
Let f = 25 - 18. What is the units digit of -7*f/(49/(-6))?
6
What is the tens digit of 21 + 3/(-1) - 3?
1
Suppose t = 4*k - 8, 2*k + 5*t + 7 = 33. Let a = 3 + k. What is the units digit of a?
6
Suppose z - 21 = -2*z + 4*y, -z + 3*y = -7. Let n = 23 - z. What is the units digit of n?
6
Let u be (-2)/(-5) + 9/15. What is the units digit of -4*(-1 + (1 - u))?
4
Suppose 8 = -6*k + 2*k. Let t = 7 + k. What is the units digit of t?
5
Suppose 2*i = 7*i - 25. Suppose 42 = 2*k + i*b, 0 = -0*b + 2*b - 4. What is the units digit of k?
6
Let h = 4 + -1. What is the units digit of -2*h/(-12)*6?
3
Suppose -2*q = 4*b, -3*q + 8 = -0*q + 4*b. Let j(a) = a - 8. Let c be j(q). Suppose 4*i = 4 - c. What is the units digit of i?
1
Let k be 0 + (-1)/(4/(-76)). Let r = 60 - k. What is the units digit of r?
1
Let s(g) = -3 + 2*g + 2*g + 0*g - 2*g. Let r be s(4). What is the units digit of 26*(3 - r/2)?
3
Let z be 9/6 - 3/2. What is the units digit of (-3)/((-12)/152 - z)?
8
Suppose -2 = n + 3*k + 11, 5*n - 5*k = 15. Let d(i) be the second derivative of -3*i**3/2 - i**2/2 + i. What 